 + 5*i. Calculate o(5).
12
Let m(z) = 29*z - 1441. Let h be m(50). Let l(d) = -d**3 + 7*d**2 + 14*d - 13. What is l(h)?
-49
Let c(p) = -4*p + 1. Let j be c(1). Let y(t) = t**2 - 1. Let v(r) = 73 + 2*r - r + 7*r**2 - 43 - 40. Let h(l) = v(l) - 6*y(l). Determine h(j).
2
Let y(i) = -i**3 - i - 1. Let o(b) = -b**3 - 3*b**2 - 8*b - 8. Let f be (4/12*3)/(-1). Let k(s) = f*o(s) + 2*y(s). Calculate k(5).
-14
Let j(k) = 5*k + 2*k**2 + 0*k**3 + 5 + k**3 + 4*k**2. Let o = 244 + -82. Let m = o + -167. What is j(m)?
5
Let k(f) be the first derivative of -1/12*f**4 + 0*f - 19*f**2 - 27 + 0*f**3. Let q(r) be the second derivative of k(r). Give q(-3).
6
Suppose 0 = -5*i + 21 + 4. Suppose -i*z = -3 - 27. Let w(v) = 0*v - z*v + 0*v**2 - 5 + v**2. Determine w(6).
-5
Let l(n) = -54*n - 679. Let o(k) = 30*k + 387. Let f(w) = -9*l(w) - 16*o(w). Give f(11).
-15
Let z be -1 + ((-4810)/120)/(-37). Let k(h) be the second derivative of -11*h + 0 + h**3 - h**2 + z*h**4. Calculate k(-7).
5
Let p(a) = 47*a - 4180. Let b be p(89). Let t(u) be the third derivative of 0 + 1/12*u**4 + 0*u - 1/6*u**b + 1/30*u**6 + 17*u**2 - 1/30*u**5. Calculate t(1).
3
Let p(t) = 55*t + 4628. Let c be p(-84). Let n(q) be the first derivative of q**4/4 - 8*q**3/3 + 5*q + 3. Give n(c).
5
Let q(z) = z**2 - 9*z - 2. Let g = -1185 + 802. Let f = -374 - g. Determine q(f).
-2
Let k be (16/(-12) + 2)/((-36)/(-270)). Let v(n) = 5*n - 8. What is v(k)?
17
Let g(d) be the first derivative of 123*d**2/2 + 982*d + 1126. Determine g(-8).
-2
Let f(s) be the first derivative of -s**2 + 19*s + 294. Give f(15).
-11
Let h(z) be the third derivative of -z**4/24 - 2*z**3/3 - 342*z**2 - 2*z. What is h(9)?
-13
Let k(r) = 2*r - 38. Let c be k(0). Let v = c - -37. Let s be v - (-2 - 1 - -7). Let g(j) = j + 6. Give g(s).
1
Let g(i) = 5*i**2 + 10*i + 13. Let q(w) = -11*w**2 - 20*w - 27. Let c(n) = -9*g(n) - 4*q(n). Suppose -4*b = -h - 1 + 30, -2*b + 5*h - 19 = 0. Give c(b).
12
Let t(i) = i**3 - i**2 - 11. Let h(k) = 3*k**2 + 20*k + 6. Let n be h(-7). Let x be ((-2)/(-3))/(2/15). Suppose -x*c - 5*c = -n*c. Calculate t(c).
-11
Let s(r) be the third derivative of r**6/180 + r**5/30 - 7*r**4/12 - r**3/3 + 4*r**2. Let k(c) be the second derivative of s(c). Give k(-6).
-20
Let s(j) = -24 + 38 - 82 + 13*j - 34. What is s(8)?
2
Let w be (-81)/(-15) + 21/35. Suppose -2*y = -2*l, 5*y + w*l + 8 = 7*l. Let p(n) = -3*n**2 - 3*n - 3. Calculate p(y).
-9
Let f(k) = k**3 + 3*k**2 + k - 2. Let l(p) = -p**2 + 15*p - 3. Suppose 2*t = 4 + 2. Let i(d) = 3*d + 6. Let v be i(t). Let r be l(v). Calculate f(r).
-5
Let h(l) be the second derivative of -9*l**5/10 + l**4/12 - 15*l. Let s(v) = -v**2 + 1. Let t = 90 + -91. Let u(i) = t*s(i) + h(i). Determine u(1).
-17
Let x(k) = -4*k**2 - 25*k - 22. Let i(z) = 8*z**2 + 48*z + 53. Let h(f) = 2*i(f) + 5*x(f). Calculate h(-7).
3
Let u(v) be the first derivative of -v**3/3 - v**2 + 40*v + 1238. What is u(5)?
5
Let p be (915/(-60) + 16)*2*-2. Let y(d) = 8*d + 19. Determine y(p).
-5
Let z(x) be the first derivative of -x**6/360 - x**5/24 - x**4/12 - 32*x**3 + 19. Let o(y) be the third derivative of z(y). Give o(-3).
4
Let n(j) = 7*j**3 + 5*j**2 - 5*j - 53. Let c(o) = -23*o**3 - 16*o**2 + 16*o + 159. Let r(g) = 4*c(g) + 13*n(g). Determine r(0).
-53
Let l(t) = -4*t - 24. Suppose -3*h + y - 29 = 0, 0 = 20*h - 18*h + 3*y + 34. Calculate l(h).
20
Let r(u) = 7*u - 98 + 47 - 6*u + 47. Suppose 7*h - 2*h = 2*o - 13, 0 = 3*o - 4*h - 16. What is r(o)?
0
Let c(h) = 6*h - 47. Let p be c(9). Let o(y) = -y**3 + 3*y**2 + 4*y + 6. Let m be o(4). Let z(l) = -m - 53*l + 3 - l**2 + 0 + 59*l. What is z(p)?
-10
Let u(i) be the first derivative of -1 + 1/2*i**2 - 10*i. Let f(k) = k**3 - 8*k**2 + 18*k - 1. Let l be f(3). What is u(l)?
-2
Suppose 3*c = -2*w - 3*w - 704, -c - 235 = 2*w. Let x = c - -228. Let t(p) = -p**3 - 6*p**2 - 6*p + 1. Determine t(x).
6
Let y(j) be the second derivative of j**3/3 + 5*j**2/2 - 3*j. Suppose 2*f + v + 535 = 0, 0*v + 25 = -5*v. Let q = 260 + f. Give y(q).
-5
Let k(u) = -68*u - 245. Let c(d) = 25*d + 81. Let y(l) = 8*c(l) + 3*k(l). Calculate y(-22).
1
Let g(q) = -2510 + 630 + 630 + 633 - q + 624. Suppose 2*h - 3*l - 2 = 0, -h - 3*l = -4*h + 6. What is g(h)?
3
Suppose 5*d + 63 = 3*c, -3*c - 2*c + 2*d + 124 = 0. Suppose -626 = -23*q - 51. Let o(v) = -5*v - c - q + 53. Give o(3).
-13
Let s(c) = 35 + 198*c**2 - 197*c**2 - 1 + 38 - 7*c - 10*c. What is s(9)?
0
Let w be -5 + 6 - (0 - 36). Let n = 59 - w. Suppose -5*s = -2*t + 20, -s - s - n = 2*t. Let b(u) = u**2 + 2*u - 7. What is b(s)?
17
Let t(y) be the third derivative of -2*y**5/15 + y**4/24 + y**3/2 - 3203*y**2. Calculate t(-3).
-72
Let i(z) = -z**2 + 5*z + 6. Let q be (-43)/(6/((-252)/(-7))). Let r = 254 + q. Calculate i(r).
-30
Let t(r) = -2*r**2 - 15*r - 16. Let m be t(-6). Suppose z = -l + 3, -2*l + 1 - 7 = -2*z. Let y(b) = 6*b - 2*b - 2 - z*b + 1. Calculate y(m).
1
Let w(m) = -m**3 + 461 - 10*m + 456 - 1367 + 8*m**2 + 456. What is w(5)?
31
Let k(i) = 5*i - 2. Suppose -49 = -2*m - 4*q - 13, -3*m + 5*q + 98 = 0. Suppose -14*a + 12 = -m*a. Calculate k(a).
-7
Let s(q) = 24*q - 164. Let y(w) = 8*w - 49. Let n(o) = 3*s(o) - 10*y(o). What is n(-1)?
6
Let s(n) = -21*n + 445. Let d be s(21). Suppose 3*j + j + z = 40, 3*j + 3*z - 39 = 0. Let m(o) = -7 + j + 2*o**2 - 7*o + 3. Calculate m(d).
9
Let z(c) = -5*c**3 - 6*c**2 - 1. Let t(q) = -q**2. Let l(r) = -6*t(r) + z(r). Let s(g) = 2*g**2 + 22*g - 1. Let p be s(-11). Calculate l(p).
4
Let a(x) be the third derivative of -x**4/24 + x**3/3 + x**2. Let g = 31886 + -31890. Determine a(g).
6
Let i be 0/(((-36)/6)/(-6)). Suppose -5*a - 21 = -4*j + 11, 3*j + a - 5 = i. Let m(w) = w - 4. What is m(j)?
-1
Suppose -1092*l + 1082*l - 60 = 0. Let x(s) = s**2 + 3*s - 6. Let o(m) = -m**2 - 2*m + 7. Let c(u) = 5*o(u) + 6*x(u). Determine c(l).
-13
Let m(b) be the first derivative of -b**3/3 - 2*b**2 + 24*b - 20. Let c be m(-7). Let z(h) = 4*h**3 + h - 2 + h**3 - 11*h**c + 7*h**3 - 3*h**2. Give z(3).
1
Let v = 103847 - 103851. Let j(r) = 7*r + 3. Let z(f) = 8*f + 2. Let b(h) = 6*j(h) - 5*z(h). Calculate b(v).
0
Let w(a) = 11*a + 33. Let q(s) = 5*s + 16. Let y(f) = -7*q(f) + 3*w(f). Let h be 1 - (14/(-147)*7)/((-1)/12). Give y(h).
1
Let l(n) be the third derivative of n**6/120 + n**5/5 + n**4/2 + 2*n**3 - 616*n**2 - n + 5. Calculate l(-11).
1
Let f(x) = -6*x**2 + 2*x + 1. Suppose 4*g = 0, 6*q = 3*q - 2*g + 12. Let i be 10/(-15)*q*(-6)/(-4). Let n be (i/(-6))/((-28)/42). Determine f(n).
-7
Let x(i) = 4*i**3 - 3*i**2 + i + 8. Let a(r) be the first derivative of 3*r**4/4 - 4*r**3/3 + r**2 + 7*r + 89. Let p(q) = 3*a(q) - 2*x(q). Calculate p(4).
-11
Let o(u) be the second derivative of 0*u**3 - 2*u**2 + 8*u - 1/20*u**5 + 0 + 5/12*u**4. Let q(c) = 3*c**2 - 9*c + 5. Let j be q(3). Calculate o(j).
-4
Let g(a) = 2*a - 1. Let y(k) = 19*k - 9. Let i be y(0). Let f(s) = 8*s - 4. Let x(j) = i*g(j) + 2*f(j). Let o = 4 + -2. Determine x(o).
-3
Suppose 96 - 72 = 4*f. Let t(q) = 3*q + q**2 + 6 + f + 0 + 6*q. Determine t(-8).
4
Let h(x) be the first derivative of x**4/4 + 26*x**3/3 + 21*x**2/2 - 93*x - 9329. Calculate h(-25).
7
Let a(w) = -w + 1. Let v(l) = -l - 5. Let r(j) = -2*a(j) + v(j). Let c(u) = 2*u - 28. Let g be c(24). Suppose -g = m - 5*o, 4*o - 7 = 13. Give r(m).
-2
Let w be 34 - 37 - (-1 + -4). Let a be (-1)/(w/6) + (-3 - -7). Let l(s) = -5*s**2 - 1. What is l(a)?
-6
Let i(r) be the second derivative of r**7/2520 - r**6/80 + r**5/120 - 43*r**4/12 + 4*r + 3. Let o(h) be the third derivative of i(h). Give o(6).
-17
Let i(o) be the first derivative of 1/10*o**5 - 5/24*o**4 - 7 + 0*o**3 - 1/120*o**6 + 0*o - 3/2*o**2. Let k(c) be the second derivative of i(c). Give k(5).
0
Let v(h) = -4*h + 5*h**3 + 6*h**2 + 17*h - 3*h**3 - 16*h. Let z(m) = m**2 - m. Let t(r) = v(r) - 3*z(r). What is t(-2)?
-4
Let s be 3/75*215 + (-6)/10. Let b(o) = -6*o + 9*o - 7*o + 28. Let q be b(s). Let u(j) = -j - 9. What is u(q)?
-5
Suppose 0 = -208*y + 203*y + 3*g + 15, -y = -4*g - 3. Let f(j) = 2*j**2 - 2*j - 5. Determine f(y).
7
Let u(r) = 2*r**2 + 84*r + 8. Let q(n) = -5*n**2 - 222*n - 22. Let c(m) = -3*q(m) - 8*u(m). Determine c(-7).
-5
Let b(c) = 219*c + 18. Let q(m) = 395*m + 35. Let d(y) = 9*b(y) - 5*q(y). Give d(-4).
3
Let q(y) = 5*y**2 + 2*y + 1. Le